vided by 1318?
188
Calculate the remainder when 6833259 is divided by 291.
288
Calculate the remainder when 253034 is divided by 536.
42
What is the remainder when 2516387 is divided by 167?
31
Calculate the remainder when 59691 is divided by 1202.
793
Calculate the remainder when 112520687 is divided by 136.
135
Calculate the remainder when 147241368 is divided by 3433.
3431
Calculate the remainder when 1346587 is divided by 4316.
4311
Calculate the remainder when 8596436 is divided by 371.
366
What is the remainder when 85213 is divided by 2304?
2269
What is the remainder when 35388 is divided by 6973?
523
Calculate the remainder when 367273 is divided by 635.
243
Calculate the remainder when 56723998 is divided by 4726999.
10
What is the remainder when 38531 is divided by 12462?
1145
Calculate the remainder when 818362 is divided by 33.
28
Calculate the remainder when 256330 is divided by 89.
10
What is the remainder when 187132293 is divided by 2140?
2133
What is the remainder when 2573 is divided by 2552?
21
Calculate the remainder when 86681874 is divided by 100.
74
What is the remainder when 22143453 is divided by 96?
93
What is the remainder when 22977515 is divided by 11488753?
9
Calculate the remainder when 172275 is divided by 34392.
315
What is the remainder when 51268 is divided by 16891?
595
What is the remainder when 85928714 is divided by 28?
18
Calculate the remainder when 59537691 is divided by 29768845.
1
What is the remainder when 922592 is divided by 14?
6
Calculate the remainder when 231391 is divided by 146.
127
Calculate the remainder when 1272072 is divided by 1002.
534
Calculate the remainder when 2886798 is divided by 801.
795
Calculate the remainder when 756578 is divided by 17.
10
What is the remainder when 3645337 is divided by 455665?
17
What is the remainder when 20435997 is divided by 594?
21
Calculate the remainder when 28925577 is divided by 272.
9
Calculate the remainder when 1268137 is divided by 38428.
13
What is the remainder when 466792 is divided by 22165?
1327
Calculate the remainder when 2301270 is divided by 15549.
18
What is the remainder when 51553195 is divided by 24?
19
What is the remainder when 3055768 is divided by 95?
93
What is the remainder when 28792 is divided by 3563?
288
What is the remainder when 72733 is divided by 23792?
1357
Calculate the remainder when 18630275 is divided by 4824.
4811
What is the remainder when 9269662 is divided by 32?
30
Calculate the remainder when 242820349 is divided by 256.
253
What is the remainder when 71891 is divided by 717?
191
Calculate the remainder when 147817 is divided by 148.
113
Calculate the remainder when 80676230 is divided by 57.
26
What is the remainder when 887413 is divided by 1?
0
Calculate the remainder when 44752 is divided by 3392.
656
Calculate the remainder when 383795 is divided by 213.
182
Calculate the remainder when 2206704 is divided by 1103346.
12
Calculate the remainder when 153304 is divided by 76.
12
Calculate the remainder when 1381219 is divided by 132.
103
Calculate the remainder when 46159 is divided by 1784.
1559
What is the remainder when 174089 is divided by 174023?
66
What is the remainder when 479744 is divided by 39978?
8
Calculate the remainder when 1110403 is divided by 3869.
0
Calculate the remainder when 110942 is divided by 204.
170
Calculate the remainder when 101797667 is divided by 533.
530
What is the remainder when 19011 is divided by 264?
3
What is the remainder when 50870 is divided by 122?
118
Calculate the remainder when 27708453 is divided by 3884.
3881
What is the remainder when 4227338 is divided by 4580?
4578
Calculate the remainder when 496664 is divided by 27479.
2042
Calculate the remainder when 1448704 is divided by 6.
4
What is the remainder when 980923592 is divided by 46?
42
Calculate the remainder when 2417417 is divided by 185922.
431
What is the remainder when 1306561 is divided by 7404?
3457
What is the remainder when 254705 is divided by 84758?
431
Calculate the remainder when 471707 is divided by 966.
299
Calculate the remainder when 605425 is divided by 515.
300
What is the remainder when 63069 is divided by 7844?
317
Calculate the remainder when 46936 is divided by 15439.
619
Calculate the remainder when 202175 is divided by 638.
567
What is the remainder when 32683831 is divided by 201752?
7
What is the remainder when 2499116 is divided by 678?
8
What is the remainder when 882471 is divided by 1253?
359
Calculate the remainder when 223492 is divided by 387.
193
What is the remainder when 7467011 is divided by 498?
497
Calculate the remainder when 3623715 is divided by 9150.
315
What is the remainder when 368668 is divided by 22905?
2188
Calculate the remainder when 1244041 is divided by 94.
45
Calculate the remainder when 3117921 is divided by 54.
15
Calculate the remainder when 18458 is divided by 22.
0
What is the remainder when 7377100 is divided by 134?
132
Calculate the remainder when 2489865 is divided by 2683.
41
Calculate the remainder when 768725 is divided by 3546.
2789
What is the remainder when 771076 is divided by 11682?
64
What is the remainder when 9512775 is divided by 4145?
0
What is the remainder when 77186 is divided by 8466?
992
Calculate the remainder when 1647909 is divided by 1753.
89
What is the remainder when 16248151 is divided by 7657?
7654
What is the remainder when 6384132 is divided by 75?
57
What is the remainder when 6633121 is divided by 51024?
1
What is the remainder when 544551 is divided by 11342?
135
Calculate the remainder when 53026 is divided by 26248.
530
Calculate the remainder when 4761389 is divided by 118.
89
Calculate the remainder when 742620 is divided by 449.
423
What is the remainder when 143208 is divided by 47705?
93
What is the remainder when 276080 is divided by 271?
202
What is the remainder when 26589 is divided by 8841?
66
Calculate the remainder when 160312 is divided by 3488.
3352
Calculate the remainder when 179883 is divided by 87467.
4949
Calculate the remainder when 2638815 is divided by 593.
558
What is the remainder when 85685450 is divided by 474?
470
Calculate the remainder when 1303152 is divided by 477.
465
Calculate the remainder when 129940 is divided by 25632.
1780
What is the remainder when 1619187 is divided by 382?
271
Calculate the remainder when 56260 is divided by 216.
100
Calculate the remainder when 781903 is divided by 135.
118
Calculate the remainder when 2111509 is divided by 124203.
58
Calculate the remainder when 205880692 is divided by 314.
312
Calculate the remainder when 295284 is divided by 98421.
21
What is the remainder when 186273 is divided by 88996?
8281
What is the remainder when 935213 is divided by 233080?
2893
What is the remainder when 2272794 is divided by 18478?
0
What is the remainder when 1018933 is divided by 7587?
2275
Calculate the remainder when 1127824 is divided by 375863.
235
Calculate the remainder when 379178 is divided by 2231.
2139
What is the remainder when 68776 is divided by 3005?
2666
Calculate the remainder when 1426010 is divided by 52815.
5
What is the remainder when 35767714 is divided by 786?
784
Calculate the remainder when 70642476 is divided by 239466.
6
Calculate the remainder when 14117315 is divided by 1436.
1435
Calculate the remainder when 1985541 is divided by 1281.
1272
What is the remainder when 42876 is divided by 4516?
2232
Calculate the remainder when 18820671 is divided by 232.
135
Calculate the remainder when 182763778 is divided by 7523.
16
Calculate the remainder when 464429521 is divided by 22.
17
What is the remainder when 112808 is divided by 105849?
6959
Calculate the remainder when 1966181 is divided by 295.
6
What is the remainder when 1044448 is divided by 150?
148
Calculate the remainder when 55429261 is divided by 18476398.
67
What is the remainder when 31279506 is divided by 152?
34
Calculate the remainder when 368366 is divided by 210.
26
Calculate the remainder when 2264691 is divided by 377446.
15
What is the remainder when 85915827 is divided by 30?
27
What is the remainder when 14904 is divided by 14845?
59
Calculate the remainder when 2151089 is divided by 930.
929
What is the remainder when 349312 is divided by 1819?
64
W